70 + 973439?
9734a9
In base 8, what is 3634705 - 16?
3634667
In base 5, what is -4 - 2001403411?
-2001403420
In base 9, what is 375 + 22607?
23083
In base 13, what is -5b73232 + 2?
-5b73230
In base 3, what is -2022200 + -1021220121?
-1101020021
In base 4, what is -1020110 + -102101313?
-103122023
In base 3, what is 1221212 - -2220220?
11212202
In base 14, what is 5ca7869 + 2?
5ca786b
In base 11, what is -2068 - 355?
-2412
In base 7, what is -21 + -401610113?
-401610134
In base 10, what is 5 - 9930527?
-9930522
In base 3, what is 12 + 10022202210100?
10022202210112
In base 3, what is -2 - 11220221000101?
-11220221000110
In base 15, what is -1c166 + -17e?
-1c2e5
In base 9, what is 235145 - 1432?
233613
In base 8, what is -635747401 - 4?
-635747405
In base 8, what is 115543647 - 3?
115543644
In base 4, what is -103200123210 - -23?
-103200123121
In base 9, what is -147755 + -426?
-148282
In base 11, what is 32a057 - -52?
32a0a9
In base 14, what is -d3 - 21d7a7?
-21d89a
In base 12, what is -1 + -4820a1ab?
-4820a1b0
In base 16, what is 11cb461 - -b?
11cb46c
In base 11, what is 14351858 + -2?
14351856
In base 6, what is 241520 - 3201?
234315
In base 16, what is 6c28 + -49?
6bdf
In base 2, what is 11101011001001 + 1000011010001111?
1100000101011000
In base 13, what is -5cb + 76401?
75b03
In base 13, what is -6766570 + 1?
-676656c
In base 13, what is a - -21895?
218a2
In base 13, what is -79263 + -b4?
-79347
In base 13, what is -8736c + c?
-87360
In base 5, what is -1031312 - -1202?
-1030110
In base 4, what is 1111211021300 - -1?
1111211021301
In base 8, what is -5 + 131465?
131460
In base 6, what is -1245235211 + 3?
-1245235204
In base 8, what is 42230775 - -4?
42231001
In base 6, what is -211345 + -1222?
-213011
In base 5, what is 11043 - -10233411?
10300004
In base 15, what is 1b - -48d9399?
48d93b5
In base 10, what is 1297 + -1011231?
-1009934
In base 3, what is -11110212 - -2021201?
-2012011
In base 3, what is -211112110100 + -211?
-211112111011
In base 9, what is -5 + -306230558?
-306230564
In base 8, what is 10516065 + 20?
10516105
In base 16, what is -2ec23a + 3?
-2ec237
In base 4, what is 231012331 + -13?
231012312
In base 12, what is -364 + 148b5?
14551
In base 4, what is -1000030 + 31033?
-302331
In base 12, what is 33 + 53504?
53537
In base 3, what is 1110012111011120 - -1?
1110012111011121
In base 11, what is 5211645 - -5?
521164a
In base 2, what is -100010111001001110110001 - 11?
-100010111001001110110100
In base 6, what is 5124504204 - 1?
5124504203
In base 10, what is 21609 + -2462?
19147
In base 13, what is -23 - -3c5c288?
3c5c265
In base 7, what is 56244221 - 13?
56244205
In base 3, what is 101111220 + 2221212?
111110202
In base 5, what is 3204344111 + 4?
3204344120
In base 5, what is 10 - 10401422313?
-10401422303
In base 5, what is -11 + -3434201313?
-3434201324
In base 16, what is -9eaf7 + 31?
-9eac6
In base 2, what is 101110000001010010 + -101?
101110000001001101
In base 4, what is -21 - 222213010120?
-222213010201
In base 13, what is 4a9a57 - 2?
4a9a55
In base 13, what is 167 - -18581c?
185986
In base 6, what is -4501323201 - -1?
-4501323200
In base 5, what is 1 + -340031243?
-340031242
In base 6, what is 5 + -511404045?
-511404040
In base 6, what is 2431103 - -42?
2431145
In base 10, what is 172614 - -23?
172637
In base 3, what is 2200002101012 - 1001?
2200002100011
In base 2, what is -11101101110010101000101 + -10?
-11101101110010101000111
In base 7, what is 25641 + 14611?
43552
In base 11, what is 48 - -1557a8?
155845
In base 7, what is -135660 - 21661?
-160651
In base 9, what is 35823 - 338?
35474
In base 14, what is -550 - -b95?
645
In base 12, what is 169 + -1983b7?
-19824a
In base 6, what is -115315221300 + 1?
-115315221255
In base 12, what is 3 - aba87a?
-aba877
In base 12, what is -1 - -51564?
51563
In base 12, what is -31318 - -50b0?
-28228
In base 5, what is 1334000302 + 10?
1334000312
In base 2, what is 110010000011 - -11111111000101?
100110001001000
In base 5, what is 1031303 - -42441?
1124244
In base 14, what is -4170 - -39c57?
35ac7
In base 12, what is -88700833 + -4?
-88700837
In base 11, what is -1 + -1887920?
-1887921
In base 4, what is 33222302310 - -11?
33222302321
In base 7, what is -22 - -342555?
342533
In base 14, what is 273577a + 0?
273577a
In base 8, what is -2532216 + 20?
-2532176
In base 7, what is 4532336333 - 6?
4532336324
In base 7, what is -5 + 1126336?
1126331
In base 15, what is -135 - 12ddc?
-13022
In base 12, what is 1694743a - 1?
16947439
In base 15, what is -c - ec4de?
-ec4eb
In base 10, what is -201675 + -139?
-201814
In base 11, what is -66 - 677900?
-677966
In base 13, what is -16a7 + 66079?
646a2
In base 10, what is -903 + 640413?
639510
In base 16, what is -1b + -fada5?
-fadc0
In base 14, what is -3246b8 - 117?
-3247d1
In base 2, what is 10111001010001001010100 - -10001?
10111001010001001100101
In base 14, what is -12603 - ac?
-126b1
In base 13, what is -6cbc4 - -95?
-6cb2c
In base 16, what is 3c85235 + -c?
3c85229
In base 5, what is 2 + 241211231?
241211233
In base 4, what is -3012331310103 - -13?
-3012331310030
In base 5, what is 1402444101414 - 10?
1402444101404
In base 16, what is -2 + -8751e?
-87520
In base 8, what is 223 + -25616636?
-25616413
In base 14, what is -991d - -1b4?
-9749
In base 15, what is -4ac5 - c54?
-5829
In base 4, what is -12 + -1033003113001?
-1033003113013
In base 11, what is -18 - -3171a2?
317185
In base 3, what is 21100001022121 + -2?
21100001022112
In base 12, what is 69 + 10a0b?
10a78
In base 13, what is 24ab0 + 183?
24c63
In base 12, what is -b - 98ba449?
-98ba458
In base 15, what is 2 - 1d01776?
-1d01774
In base 6, what is 2220443502 - -4?
2220443510
In base 14, what is -1 + -186a9?
-186aa
In base 10, what is 12581 - -19334?
31915
In base 13, what is 824 - 3113?
-25bc
In base 2, what is -1001100100111001100000100000 - -1?
-1001100100111001100000011111
In base 5, what is 1314304 - -100301?
1420110
In base 15, what is -9 + 1bc09e?
1bc095
In base 14, what is 1850493 - 0?
1850493
In base 14, what is 22 + 5b9?
5db
In base 3, what is -102120102022 - -1210221?
-102111121101
In base 10, what is 944230 - -346?
944576
In base 6, what is 3 + 235235422?
235235425
In base 4, what is -3300 - 120122233?
-120132133
In base 2, what is -1100 - -11101101000010101110010001?
11101101000010101110000101
In base 2, what is 100101111001001 - 111100010001?
11110010111000
In base 14, what is 20cd3d3b - -5?
20cd3d42
In base 6, what is 103243511452 + -3?
103243511445
In base 6, what is -1141 + 224235?
223054
In base 3, what is -202121002021012 + -11?
-202121002021100
In base 15, what is -d + -1964ed?
-19650b
In base 4, what is 1333 - 20221030?
-20213031
In base 9, what is 5067183500 - -1?
5067183501
In base 10, what is -333083 + 4?
-333079
In base 12, what is -564b3b6 + -1?
-564b3b7
In base 13, what is 44545 - -1a69?
462b1
In base 3, what is 2210011011111211 - 2?
2210011011111202
In base 12, what is 222447 + 27?
222472
In base 9, what is 871 + 154726?
155707
In base 11, what is 3 - 83497a?
-834977
In base 5, what is 21 + -204304222?
-204304201
In base 11, what is 7 - 61a3143?
-61a3137
In base 3, what is -202212202210 + 2022100?
-202210110110
In base 12, what is -19 + 402857?
40283a
In base 3, what is -112 - -12201021012202?
12201021012020
In base 14, what is -1 + -8206b6?
-8206b7
In base 7, what is -4330 - 1504262?
-1511622
In base 6, what is 324005 - -515?
324524
In base 2, what is -101010001000100110001010 + 1?
-101010001000100110001001
In base 4, what is -30103202 + -1012?
-30110220
In base 2, what is -1010110001 + -1010011100100001?
-1010100111010010
In base 12, what is -439b0 - -408?
-435a4
In base 11, what is 202 + -127207a?
-1271978
In base 16, what is f + 7141?
7150
In base 16, what is -19 + -17f72?
-17f8b
In base 16, what is d03d47f + 3?
d03d482
In base 9, what is -351181 - -283?
-350787
In base 6, what is -34300 - 1303353?
-1342053
In base 12, what is -8269 - -12a2?
-6b87
In base 7, what is -120341 + -2026?
-122400
In base 5, what is 120 + 20321401?
20322021
In base 6, what is -10 - -34133115?
34133105
In base 9, what is -25 + -41363238?
-41363264
In base 6, what is -1 - -150534250?
150534245
In base 11, what is -878396 - -5?
-878391
In base 11, what is 3936a + -155?
39